7, what is 1 - -115056?
115060
In base 8, what is -54244 + 0?
-54244
In base 9, what is -124607 + -24?
-124632
In base 8, what is -71 - 7321?
-7412
In base 13, what is 837967 - 2?
837965
In base 16, what is 2960 - 19?
2947
In base 4, what is 0 + -20332001?
-20332001
In base 13, what is -13a2c + -6?
-13a35
In base 9, what is 8685 + -1710?
6875
In base 6, what is 1 - -1123051?
1123052
In base 16, what is -2c1 - 419?
-6da
In base 7, what is 2 + 45000?
45002
In base 6, what is -12134425 + -1?
-12134430
In base 2, what is -100000100010 - 110?
-100000101000
In base 11, what is 19a855 - 6?
19a84a
In base 11, what is -3 - 29a85?
-29a88
In base 12, what is 1099 + -486?
813
In base 10, what is 73 - -8215?
8288
In base 7, what is 162364 + 611?
163305
In base 9, what is -207 + 1744?
1536
In base 2, what is 101 - -1000100100001010011?
1000100100001011000
In base 11, what is 8 - 4a269?
-4a261
In base 15, what is -1271 + 1c?
-1254
In base 3, what is -11 + -1022220022100?
-1022220022111
In base 11, what is -488699 - -5?
-488694
In base 12, what is 48778 - -3?
4877b
In base 13, what is 2099 - 2?
2097
In base 10, what is -6856 - -69?
-6787
In base 12, what is -1a12 - 87?
-1a99
In base 13, what is 18580 - -4?
18584
In base 4, what is -100021 + 11?
-100010
In base 10, what is -253 + 1941?
1688
In base 10, what is 2 - 7219?
-7217
In base 4, what is 1221213 - -23?
1221302
In base 10, what is -4 + -105598?
-105602
In base 14, what is 312762 - -3?
312765
In base 11, what is 2 - 6868?
-6866
In base 10, what is -150 + 36?
-114
In base 10, what is -532 - 116?
-648
In base 8, what is 3622 + 0?
3622
In base 15, what is -83ba + 16?
-83a4
In base 5, what is 3000330 + 2?
3000332
In base 10, what is 12 + -490?
-478
In base 13, what is 7 - -224a?
2254
In base 3, what is -10 + -1102000122121?
-1102000122201
In base 7, what is 412 - 62?
320
In base 3, what is -1 + -22121022001?
-22121022002
In base 15, what is 85bac6 + -2?
85bac4
In base 14, what is 3 + 2c7181?
2c7184
In base 2, what is 100111000100 - 10111000?
100100001100
In base 3, what is 11 + -210100221?
-210100210
In base 8, what is 1353 + -61?
1272
In base 15, what is -33d328 - 4?
-33d32c
In base 13, what is -6854 - -c?
-6845
In base 6, what is -232 - 13101?
-13333
In base 15, what is 10 + 13a?
14a
In base 16, what is 0 - -24ba?
24ba
In base 9, what is 2 + -48458?
-48456
In base 13, what is 154b6 - -2?
154b8
In base 11, what is 1 - 42045?
-42044
In base 5, what is 1011424 - 4?
1011420
In base 10, what is -1095 - -1206?
111
In base 5, what is 40344043 + 10?
40344103
In base 4, what is -11 + 20003?
13332
In base 11, what is -4a - 215?
-264
In base 6, what is -5 + 12253512?
12253503
In base 8, what is 15461401 + 5?
15461406
In base 2, what is -10 - 10011011111001000100?
-10011011111001000110
In base 10, what is -23 - -469?
446
In base 9, what is 1 + 382314?
382315
In base 9, what is -22150 - 1?
-22151
In base 13, what is 4a31b + 9?
4a327
In base 3, what is 11211 + 222111?
1011022
In base 7, what is -244314 - -2?
-244312
In base 4, what is -12310 + -21321?
-100231
In base 16, what is 1a2 - -7?
1a9
In base 10, what is 2 - 47358?
-47356
In base 10, what is -648114 - 1?
-648115
In base 15, what is -c54 - -43?
-c11
In base 11, what is 3 + -26694?
-26691
In base 13, what is -48c - -12?
-47a
In base 9, what is 2 + 7506?
7508
In base 6, what is -1 - -124245?
124244
In base 16, what is -3 - -a6c3?
a6c0
In base 12, what is 251 - -2b4?
545
In base 2, what is -1010 - 1101010110010?
-1101010111100
In base 8, what is -2207326 + -5?
-2207333
In base 4, what is -21 - -1131310?
1131223
In base 4, what is 330 + 12?
1002
In base 8, what is 3 - -1021116?
1021121
In base 8, what is 306567 - -4?
306573
In base 5, what is -422122 + 111?
-422011
In base 4, what is -110322 - 21?
-111003
In base 8, what is 4 + 1033577?
1033603
In base 6, what is -21 + 13025?
13004
In base 15, what is -1 + 1448?
1447
In base 7, what is 3 - -6343613?
6343616
In base 6, what is 352524 - 5?
352515
In base 2, what is -11 + -1111101100011?
-1111101100110
In base 8, what is -254 + -4066?
-4342
In base 5, what is -24120 + -1012?
-30132
In base 7, what is 1525 - -310?
2135
In base 3, what is 22202122122 + 22?
22202122221
In base 11, what is 209 + -159?
60
In base 5, what is -10 - -11413131?
11413121
In base 6, what is -1104513 + 3?
-1104510
In base 15, what is 248 - -64?
2ac
In base 14, what is 1527 - -4?
152b
In base 2, what is -1110110101011110111100 + -101?
-1110110101011111000001
In base 9, what is 4 + 12881?
12885
In base 4, what is -100122 + 1?
-100121
In base 6, what is -1 + 452335?
452334
In base 11, what is -140 - -1627?
1497
In base 12, what is -2 - 1a66b6?
-1a66b8
In base 12, what is -1 - -11a77?
11a76
In base 5, what is -10 + 234230?
234220
In base 11, what is 2123 - -2a6?
2419
In base 3, what is 1120011 - -1110?
1121121
In base 5, what is 123200 - 4?
123141
In base 2, what is 1 + 110111011001011110?
110111011001011111
In base 4, what is -21 - -100220?
100133
In base 4, what is -1203123 + -10301?
-1220030
In base 16, what is 111e + -1?
111d
In base 10, what is 440 - -8224?
8664
In base 9, what is -6 - 134574?
-134581
In base 9, what is -12857 + 17?
-12840
In base 6, what is 340 + 224?
1004
In base 8, what is -2225512 - -3?
-2225507
In base 14, what is 22 - 7a3?
-781
In base 6, what is 4 - 1411520?
-1411512
In base 11, what is -5 - 18a668?
-18a672
In base 6, what is -2 - -11311405?
11311403
In base 4, what is -202231 - 220?
-203111
In base 10, what is 203968 - -3?
203971
In base 8, what is 6170 - -10?
6200
In base 7, what is -1 - -23231?
23230
In base 9, what is 531 + 1352?
1883
In base 11, what is 452 + 128?
57a
In base 9, what is 4 - 158?
-154
In base 7, what is -13031 + 12?
-13016
In base 16, what is -1004 - -4e?
-fb6
In base 2, what is -10 - -10111101010000?
10111101001110
In base 16, what is 40854 + 2?
40856
In base 5, what is 23 + -104043?
-104020
In base 12, what is 122452 + -8?
122446
In base 10, what is 749 + 463?
1212
In base 3, what is 0 + -111201022102?
-111201022102
In base 8, what is 50047 - -12?
50061
In base 14, what is -3c02 + 8?
-3bd8
In base 15, what is 64 + ab?
120
In base 13, what is -123 + 5?
-11b
In base 10, what is -102601 - -6?
-102595
In base 8, what is 46075 + -430?
45445
In base 16, what is d46e + -1?
d46d
In base 2, what is -101010110101110 - -1?
-101010110101101
In base 5, what is 40344 - -11?
40410
In base 11, what is 6 + -10310?
-10305
In base 9, what is 176 + -277?
-101
In base 7, what is -466324 - -2?
-466322
In base 6, what is 1250331 - 5?
1250322
In base 10, what is -23 - 2641?
-2664
In base 10, what is -205 + 33?
-172
In base 6, what is -41 + -1455450?
-1455531
In base 12, what is 3 + -125511?
-12550a
In base 3, what is 221 + 20001210110?
20001211101
In base 8, what is -35 - -4106?
4051
In base 6, what is -23 - -52334?
52311
In base 8, what is -2 + -65664?
-65666
In base 16, what is -4 - -622?
61e
In base 7, what is 500 - 1?
466
In base 13, what is -1 + 295c?
295b
In base 10, what is -4 - -3408?
3404
In base 10, what is 12 + 2579?
2591
In base 3, what is 210121221211 + -10?
210121221201
In base 16, what is 42 - 7179?
-7137
In base 6, what is 5 - -32300350?
32300355
In base 4, what is 3220122 - -1200?
3221322
In base 11, what is 29 - -216?
244
In base 12, what is -12445a1 - 5?
-12445a6
In base 9, what is 47 - -88145?
88203
In base 9, what is 202 - 1445?
-1243
In base 2, what is 1011110001 + 101100011011?
111000001100
In base 8, what is -10534341 - -5?
-10534334
In base 8, what is -4 + 40464?
40460
In base 3, what is 122020220 - 1121?
122012022
In base 3, what is -210 - -12001?
11021
In base 2, what is 1010100111111101000101 - 0?
1010100111111101000101
In base 15, what is -7098 + -3b?
-70d4
In base 3, what is -201001 + -10002?
-211010
In base 8, what is 512 + -345?
145
In base 9, what is -2270 + 5?
-2264
In base 3, what is -22202211121210 - 2?
-22202211121212
In base 16, what is -16cb - -6?
-16c5
In base 7, what is 1143 - 1206?
-33
In base 2, what is 101100010 - 1001011?
100010111
In base 15, what is 7e - -134?
1b3
In base 2, what is -1010110000101 + 100100110?
-1010001011111
In base 5, what is -1104 + 333304?
332200
In base 13, what is 172a8 + -4?
172a4
In base 3, what is -100 - -120022011102?
120022011002
In base 5, what is